{"id":82,"date":"2016-10-08T12:40:45","date_gmt":"2016-10-08T12:40:45","guid":{"rendered":"https:\/\/demo2.chethemes.com\/pizzaro\/?post_type=product&#038;p=82"},"modified":"2020-04-23T12:41:00","modified_gmt":"2020-04-23T12:41:00","slug":"pho-kho-ga-dac-biet","status":"publish","type":"product","link":"https:\/\/phocochin.com\/?product=pho-kho-ga-dac-biet","title":{"rendered":"1. Ph\u1edf Kh\u00f4 G\u00e0 \u0110\u1eb7c Bi\u1ec7t"},"content":{"rendered":"","protected":false},"excerpt":{"rendered":"<p>M\u00f3n ph\u1edf kh\u00f4 g\u00e0 Gia Lai l\u00e0 s\u1ef1 k\u1ebft h\u1ee3p tuy\u1ec7t v\u1eddi c\u1ee7a b\u00fan v\u00e0 th\u1ecbt g\u00e0 h\u00f2a trong m\u1ed9t th\u1ee9 n\u01b0\u1edbc s\u1ed1t chua ng\u1ecdt \u0111\u1ed9c \u0111\u00e1o<\/p>\n","protected":false},"featured_media":860,"comment_status":"closed","ping_status":"closed","template":"","meta":[],"product_brand":[],"product_cat":[44],"product_tag":[],"class_list":{"0":"post-82","1":"product","2":"type-product","3":"status-publish","4":"has-post-thumbnail","6":"product_cat-pho","8":"first","9":"instock","10":"featured","11":"shipping-taxable","12":"purchasable","13":"product-type-simple"},"_links":{"self":[{"href":"https:\/\/phocochin.com\/index.php?rest_route=\/wp\/v2\/product\/82","targetHints":{"allow":["GET"]}}],"collection":[{"href":"https:\/\/phocochin.com\/index.php?rest_route=\/wp\/v2\/product"}],"about":[{"href":"https:\/\/phocochin.com\/index.php?rest_route=\/wp\/v2\/types\/product"}],"replies":[{"embeddable":true,"href":"https:\/\/phocochin.com\/index.php?rest_route=%2Fwp%2Fv2%2Fcomments&post=82"}],"wp:featuredmedia":[{"embeddable":true,"href":"https:\/\/phocochin.com\/index.php?rest_route=\/wp\/v2\/media\/860"}],"wp:attachment":[{"href":"https:\/\/phocochin.com\/index.php?rest_route=%2Fwp%2Fv2%2Fmedia&parent=82"}],"wp:term":[{"taxonomy":"product_brand","embeddable":true,"href":"https:\/\/phocochin.com\/index.php?rest_route=%2Fwp%2Fv2%2Fproduct_brand&post=82"},{"taxonomy":"product_cat","embeddable":true,"href":"https:\/\/phocochin.com\/index.php?rest_route=%2Fwp%2Fv2%2Fproduct_cat&post=82"},{"taxonomy":"product_tag","embeddable":true,"href":"https:\/\/phocochin.com\/index.php?rest_route=%2Fwp%2Fv2%2Fproduct_tag&post=82"}],"curies":[{"name":"wp","href":"https:\/\/api.w.org\/{rel}","templated":true}]}}