{"id":882,"date":"2017-08-01T05:26:26","date_gmt":"2017-08-01T05:26:26","guid":{"rendered":"http:\/\/phocochin.hoidoanhnhan.com\/?post_type=product&#038;p=882"},"modified":"2025-08-07T19:45:47","modified_gmt":"2025-08-07T19:45:47","slug":"chen-tai-them","status":"publish","type":"product","link":"https:\/\/phocochin.com\/?product=chen-tai-them","title":{"rendered":"Ch\u00e9n T\u00e1i Th\u00eam"},"content":{"rendered":"","protected":false},"excerpt":{"rendered":"","protected":false},"featured_media":885,"comment_status":"open","ping_status":"closed","template":"","meta":[],"product_brand":[],"product_cat":[38,44],"product_tag":[],"class_list":{"0":"post-882","1":"product","2":"type-product","3":"status-publish","4":"has-post-thumbnail","6":"product_cat-bun","7":"product_cat-pho","9":"first","10":"instock","11":"shipping-taxable","12":"purchasable","13":"product-type-simple"},"_links":{"self":[{"href":"https:\/\/phocochin.com\/index.php?rest_route=\/wp\/v2\/product\/882","targetHints":{"allow":["GET"]}}],"collection":[{"href":"https:\/\/phocochin.com\/index.php?rest_route=\/wp\/v2\/product"}],"about":[{"href":"https:\/\/phocochin.com\/index.php?rest_route=\/wp\/v2\/types\/product"}],"replies":[{"embeddable":true,"href":"https:\/\/phocochin.com\/index.php?rest_route=%2Fwp%2Fv2%2Fcomments&post=882"}],"wp:featuredmedia":[{"embeddable":true,"href":"https:\/\/phocochin.com\/index.php?rest_route=\/wp\/v2\/media\/885"}],"wp:attachment":[{"href":"https:\/\/phocochin.com\/index.php?rest_route=%2Fwp%2Fv2%2Fmedia&parent=882"}],"wp:term":[{"taxonomy":"product_brand","embeddable":true,"href":"https:\/\/phocochin.com\/index.php?rest_route=%2Fwp%2Fv2%2Fproduct_brand&post=882"},{"taxonomy":"product_cat","embeddable":true,"href":"https:\/\/phocochin.com\/index.php?rest_route=%2Fwp%2Fv2%2Fproduct_cat&post=882"},{"taxonomy":"product_tag","embeddable":true,"href":"https:\/\/phocochin.com\/index.php?rest_route=%2Fwp%2Fv2%2Fproduct_tag&post=882"}],"curies":[{"name":"wp","href":"https:\/\/api.w.org\/{rel}","templated":true}]}}